{"id":9782,"date":"2024-02-13T14:09:04","date_gmt":"2024-02-13T14:09:04","guid":{"rendered":"https:\/\/www.pratinha.mg.gov.br\/portal\/?page_id=9782"},"modified":"2025-08-19T15:45:10","modified_gmt":"2025-08-19T15:45:10","slug":"leis-decretos-resolucoes-portarias-e-deliberacoes-normativas-conselho-municipal-da-cultura","status":"publish","type":"page","link":"https:\/\/www.pratinha.mg.gov.br\/portal\/leis-decretos-resolucoes-portarias-e-deliberacoes-normativas-conselho-municipal-da-cultura\/","title":{"rendered":"Leis, Decretos, Resolu\u00e7\u00f5es, Portarias e Delibera\u00e7\u00f5es Normativas &#8211; Conselho Municipal da Cultura"},"content":{"rendered":"<ul style=\"list-style-type: square\">\n<li><span style=\"color: #0000ff\"><a style=\"color: #0000ff\" href=\"http:\/\/www.pratinha.mg.gov.br\/portal\/wp-content\/uploads\/2025\/08\/Decreto-e-Temo-de-Posse-Conselho-Cultura-2025-2.pdf\">Decreto Municipal n\u00ba 1.307 de 26 de Junho de 2025 e Termo de Posse Conselho Cultura Gest\u00e3o (Junho\/2025 &#8211; Junho\/2028)<\/a><\/span><\/li>\n<li><a href=\"http:\/\/www.pratinha.mg.gov.br\/portal\/wp-content\/uploads\/2024\/04\/Decreto-907-de-08-11-23-Nomeia-Cons-Cutura-e-termo-de-posse-Assinado-1.pdf\"><span style=\"color: #0000ff\">Decreto Municipal n\u00ba 907\/2023 de 08 de Novembro de 2023 Nomeia Membros para o<\/span> <span style=\"color: #0000ff\">Conselho da Cultura (Quadri\u00eanio 2023 &#8211; 2026)<\/span><\/a><\/li>\n<li><span style=\"color: #0000ff\"><a style=\"color: #0000ff\" href=\"http:\/\/www.pratinha.mg.gov.br\/portal\/wp-content\/uploads\/2024\/04\/Decreto-Municipal-851-2023-Afromineiridade-1.pdf\">Decreto Municipal n\u00ba 851\/2023 de 03 de Abril de 2023 &#8211; Disp\u00f5e sobre a Afro mineiridade<\/a><\/span><\/li>\n<\/ul>\n<p>&nbsp;<\/p>\n<ul style=\"list-style-type: square\">\n<li><span style=\"color: #0000ff\"><strong><a style=\"color: #0000ff\" href=\"http:\/\/www.pratinha.mg.gov.br\/portal\/wp-content\/uploads\/2024\/04\/Lei-Municipal-1.080-2023-Institui-a-Politica-Municipal-de-Protecao-dos-Povos-e-Comunidades-Tradicionais-1.pdf\">Lei Municipal n\u00ba 1.080\/2023 de 14 de Junho de 2023 &#8211; Institui a Pol\u00edtica Municipal de Prote\u00e7\u00e3o dos Povos e Comunidades Tradicionais<\/a><\/strong><\/span><\/li>\n<li><span style=\"color: #0000ff\"><strong><a style=\"color: #0000ff\" href=\"http:\/\/www.pratinha.mg.gov.br\/portal\/wp-content\/uploads\/2024\/04\/Lei-Municipal-1.081-2023-Altera-a-Lei-Municipal-891-2013-Salvaguarda-do-Patrimonio-Cultural-1.pdf\">Lei Municipal n\u00ba 1.081\/2023 de 14 de Junho de 2023 &#8211; Altera a Lei Municipal n\u00ba 891-2013 de 10\/06\/2023 &#8211; Salvaguarda do Patrim\u00f4nio Cultural<\/a><\/strong><\/span><\/li>\n<li><span style=\"color: #0000ff\"><strong><a style=\"color: #0000ff\" href=\"http:\/\/www.pratinha.mg.gov.br\/portal\/wp-content\/uploads\/2024\/04\/Lei-Municipal-1.082-2023-Institui-o-Sistema-Municipal-de-Cultura-1.pdf\">Lei Municipal n\u00ba 1.082\/2023 de 14 de Junho de 2023 &#8211; Institui o Sistema Municipal de Cultura de Pratinha MG<\/a><\/strong><\/span><\/li>\n<li><span style=\"color: #0000ff\"><strong><a style=\"color: #0000ff\" href=\"http:\/\/www.pratinha.mg.gov.br\/portal\/wp-content\/uploads\/2024\/04\/LEI-MUNICIPAL-N\u00b0-891-de-10-06-2013-1.pdf\">Lei Municipal n\u00b0 891\/2013 de 10 de Junho de 2013 &#8211; Disp\u00f5e sobre o C\u00f3digo de Posturas do munic\u00edpio de Pratinha<\/a><\/strong><\/span><\/li>\n<\/ul>\n<p>&nbsp;<\/p>\n","protected":false},"excerpt":{"rendered":"<p>Decreto Municipal n\u00ba 1.307 de 26 de Junho de 2025 e Termo de Posse Conselho Cultura Gest\u00e3o (Junho\/2025 - Junho\/2028) Decreto Municipal n\u00ba 907\/2023 de 08 de Novembro de 2023 Nomeia Membros para o Conselho da Cultura (Quadri\u00eanio 2023 - 2026) Decreto Municipal n\u00ba 851\/2023 de 03 de Abril de 2023 - Disp\u00f5e sobre a&hellip;<\/p>","protected":false},"author":1,"featured_media":0,"parent":0,"menu_order":0,"comment_status":"closed","ping_status":"closed","template":"","meta":{"footnotes":""},"class_list":["post-9782","page","type-page","status-publish"],"_links":{"self":[{"href":"https:\/\/www.pratinha.mg.gov.br\/portal\/wp-json\/wp\/v2\/pages\/9782","targetHints":{"allow":["GET"]}}],"collection":[{"href":"https:\/\/www.pratinha.mg.gov.br\/portal\/wp-json\/wp\/v2\/pages"}],"about":[{"href":"https:\/\/www.pratinha.mg.gov.br\/portal\/wp-json\/wp\/v2\/types\/page"}],"author":[{"embeddable":true,"href":"https:\/\/www.pratinha.mg.gov.br\/portal\/wp-json\/wp\/v2\/users\/1"}],"replies":[{"embeddable":true,"href":"https:\/\/www.pratinha.mg.gov.br\/portal\/wp-json\/wp\/v2\/comments?post=9782"}],"version-history":[{"count":8,"href":"https:\/\/www.pratinha.mg.gov.br\/portal\/wp-json\/wp\/v2\/pages\/9782\/revisions"}],"predecessor-version":[{"id":13418,"href":"https:\/\/www.pratinha.mg.gov.br\/portal\/wp-json\/wp\/v2\/pages\/9782\/revisions\/13418"}],"wp:attachment":[{"href":"https:\/\/www.pratinha.mg.gov.br\/portal\/wp-json\/wp\/v2\/media?parent=9782"}],"curies":[{"name":"wp","href":"https:\/\/api.w.org\/{rel}","templated":true}]}}

Leis, Decretos, Resoluções, Portarias e Deliberações Normativas &#8211; Conselho Municipal da Cultura

<ul style="list-style-type: square">
<li><span style="color: #0000ff"><a style="color: #0000ff" href="http://www.pratinha.mg.gov.br/portal/wp-content/uploads/2025/08/Decreto-e-Temo-de-Posse-Conselho-Cultura-2025-2.pdf">Decreto Municipal nº 1.307 de 26 de Junho de 2025 e Termo de Posse Conselho Cultura Gestão (Junho/2025 &#8211; Junho/2028)</a></span></li>
<li><a href="http://www.pratinha.mg.gov.br/portal/wp-content/uploads/2024/04/Decreto-907-de-08-11-23-Nomeia-Cons-Cutura-e-termo-de-posse-Assinado-1.pdf"><span style="color: #0000ff">Decreto Municipal nº 907/2023 de 08 de Novembro de 2023 Nomeia Membros para o</span> <span style="color: #0000ff">Conselho da Cultura (Quadriênio 2023 &#8211; 2026)</span></a></li>
<li><span style="color: #0000ff"><a style="color: #0000ff" href="http://www.pratinha.mg.gov.br/portal/wp-content/uploads/2024/04/Decreto-Municipal-851-2023-Afromineiridade-1.pdf">Decreto Municipal nº 851/2023 de 03 de Abril de 2023 &#8211; Dispõe sobre a Afro mineiridade</a></span></li>
</ul>
<p>&nbsp;</p>
<ul style="list-style-type: square">
<li><span style="color: #0000ff"><strong><a style="color: #0000ff" href="http://www.pratinha.mg.gov.br/portal/wp-content/uploads/2024/04/Lei-Municipal-1.080-2023-Institui-a-Politica-Municipal-de-Protecao-dos-Povos-e-Comunidades-Tradicionais-1.pdf">Lei Municipal nº 1.080/2023 de 14 de Junho de 2023 &#8211; Institui a Política Municipal de Proteção dos Povos e Comunidades Tradicionais</a></strong></span></li>
<li><span style="color: #0000ff"><strong><a style="color: #0000ff" href="http://www.pratinha.mg.gov.br/portal/wp-content/uploads/2024/04/Lei-Municipal-1.081-2023-Altera-a-Lei-Municipal-891-2013-Salvaguarda-do-Patrimonio-Cultural-1.pdf">Lei Municipal nº 1.081/2023 de 14 de Junho de 2023 &#8211; Altera a Lei Municipal nº 891-2013 de 10/06/2023 &#8211; Salvaguarda do Patrimônio Cultural</a></strong></span></li>
<li><span style="color: #0000ff"><strong><a style="color: #0000ff" href="http://www.pratinha.mg.gov.br/portal/wp-content/uploads/2024/04/Lei-Municipal-1.082-2023-Institui-o-Sistema-Municipal-de-Cultura-1.pdf">Lei Municipal nº 1.082/2023 de 14 de Junho de 2023 &#8211; Institui o Sistema Municipal de Cultura de Pratinha MG</a></strong></span></li>
<li><span style="color: #0000ff"><strong><a style="color: #0000ff" href="http://www.pratinha.mg.gov.br/portal/wp-content/uploads/2024/04/LEI-MUNICIPAL-N°-891-de-10-06-2013-1.pdf">Lei Municipal n° 891/2013 de 10 de Junho de 2013 &#8211; Dispõe sobre o Código de Posturas do município de Pratinha</a></strong></span></li>
</ul>
<p>&nbsp;</p>

<p>Decreto Municipal nº 1.307 de 26 de Junho de 2025 e Termo de Posse Conselho Cultura Gestão (Junho/2025 - Junho/2028) Decreto Municipal nº 907/2023 de 08 de Novembro de 2023 Nomeia Membros para o Conselho da Cultura (Quadriênio 2023 - 2026) Decreto Municipal nº 851/2023 de 03 de Abril de 2023 - Dispõe sobre a&hellip;</p>
