{"id":7670,"date":"2022-06-01T00:31:40","date_gmt":"2022-06-01T00:31:40","guid":{"rendered":"http:\/\/www.pratinha.mg.gov.br\/portal\/?page_id=7670"},"modified":"2026-03-17T17:07:28","modified_gmt":"2026-03-17T17:07:28","slug":"convocacoes-reunioes-cae","status":"publish","type":"page","link":"http:\/\/www.pratinha.mg.gov.br\/portal\/convocacoes-reunioes-cae\/","title":{"rendered":"Convoca\u00e7\u00f5es Reuni\u00f5es CAE"},"content":{"rendered":"<p><span style=\"color: #ff0000\"><strong>Reuni\u00f5es 2022<\/strong><\/span><\/p>\n<p><a href=\"http:\/\/www.pratinha.mg.gov.br\/portal\/wp-content\/uploads\/2022\/06\/1a-Convocacao-Reuniao-CAE-04-04-22.pdf\"><span style=\"color: #008000\">1\u00aa Convoca\u00e7\u00e3o para Reuni\u00e3o do CAE (04\/04\/2022)<\/span><\/a><\/p>\n<p><span style=\"color: #008000\"><a style=\"color: #008000\" href=\"http:\/\/www.pratinha.mg.gov.br\/portal\/wp-content\/uploads\/2022\/06\/2a-Convocacao-Reuniao-CAE-08.06-22.pdf\">2\u00aa Convoca\u00e7\u00e3o para Reuni\u00e3o do CAE (08\/06\/2022)<\/a><\/span><\/p>\n<p><span style=\"color: #008000\"><a style=\"color: #008000\" href=\"http:\/\/www.pratinha.mg.gov.br\/portal\/wp-content\/uploads\/2022\/11\/3a-Convocacao-Reuniao-CAE-19-09-22.pdf\">3\u00aa Convoca\u00e7\u00e3o para Reuni\u00e3o do CAE (19\/09\/2022)<\/a><\/span><\/p>\n<p><span style=\"color: #008000\"><a style=\"color: #008000\" href=\"http:\/\/www.pratinha.mg.gov.br\/portal\/wp-content\/uploads\/2022\/12\/4-Convoccao-Reuniao-de-posse-CAE-27-12-2022.pdf\">4\u00aa Convoca\u00e7\u00e3o para Reuni\u00e3o de Posse dos Novos Membros do CAE (27 12 2022)<\/a><\/span><\/p>\n<p><span style=\"color: #ff0000\"><strong>Reuni\u00f5es 2023<\/strong><\/span><\/p>\n<p><span style=\"color: #008000\"><a style=\"color: #008000\" href=\"http:\/\/www.pratinha.mg.gov.br\/portal\/wp-content\/uploads\/2023\/03\/1-Convoccao-Reuniao-08-03-23.pdf\">1\u00aa Convoca\u00e7\u00e3o para Reuni\u00e3o do CAE (08\/03\/2023)<\/a><\/span><\/p>\n<p><span style=\"color: #008000\"><a style=\"color: #008000\" href=\"http:\/\/www.pratinha.mg.gov.br\/portal\/wp-content\/uploads\/2023\/09\/2-Convoccao-Reuniao-29-05-23.pdf\">2\u00aa Convoca\u00e7\u00e3o para Reuni\u00e3o do CAE (29\/05\/2023)<\/a><\/span><\/p>\n<p><span style=\"color: #008000\"><a style=\"color: #008000\" href=\"http:\/\/www.pratinha.mg.gov.br\/portal\/wp-content\/uploads\/2023\/09\/3-Convocacao-CAE-20-09-23.pdf\">3\u00aa Convoca\u00e7\u00e3o para Reuni\u00e3o do CAE (20\/09\/2023)<\/a><\/span><\/p>\n<p><span style=\"color: #ff0000\"><strong>Reuni\u00f5es 2024<\/strong><\/span><\/p>\n<p><span style=\"color: #008000\"><a style=\"color: #008000\" href=\"http:\/\/www.pratinha.mg.gov.br\/portal\/wp-content\/uploads\/2024\/10\/01.-Convoccao-Reuniao-CAE-26-06-1.pdf\">1\u00aa Convoca\u00e7\u00e3o para Reuni\u00e3o do CAE (26\/06\/2024)<\/a><\/span><\/p>\n<p><span style=\"color: #008000\"><a style=\"color: #008000\" href=\"http:\/\/www.pratinha.mg.gov.br\/portal\/wp-content\/uploads\/2024\/10\/02.-Convocacao-Reuniao-CAE-10-10-24.pdf\">2\u00aa Convoca\u00e7\u00e3o para Reuni\u00e3o do CAE (10\/10\/2024)<\/a><\/span><\/p>\n<p><span style=\"color: #008000\"><a style=\"color: #008000\" href=\"http:\/\/www.pratinha.mg.gov.br\/portal\/wp-content\/uploads\/2025\/05\/3-Convocacao-05-12-24.pdf\">3\u00aa Convoca\u00e7\u00e3o para Reuni\u00e3o do CAE (05\/12\/2024)<\/a><\/span><\/p>\n<p><span style=\"color: #ff0000\"><strong>Reuni\u00f5es 2025<\/strong><\/span><\/p>\n<p><span style=\"color: #008000\"><a style=\"color: #008000\" href=\"http:\/\/www.pratinha.mg.gov.br\/portal\/wp-content\/uploads\/2025\/05\/1-Convocacao-10-05-25.pdf\">1\u00aa Convoca\u00e7\u00e3o para Reuni\u00e3o do CAE (10\/05\/2025)<\/a><\/span><\/p>\n<p><span style=\"color: #008000\"><a style=\"color: #008000\" href=\"http:\/\/www.pratinha.mg.gov.br\/portal\/wp-content\/uploads\/2025\/12\/02-Convocacao-Reuniao-16-07-25.pdf\">2\u00aa Convoca\u00e7\u00e3o para Reuni\u00e3o do CAE (16\/07\/2025)<\/a><\/span><\/p>\n<p><span style=\"color: #008000\"><a style=\"color: #008000\" href=\"http:\/\/www.pratinha.mg.gov.br\/portal\/wp-content\/uploads\/2025\/12\/Convocacao-22-10.pdf\">3\u00aa Convoca\u00e7\u00e3o para Reuni\u00e3o do CAE (22\/10\/2025)<\/a> <\/span><\/p>\n<p><span style=\"color: #008000\"><a style=\"color: #008000\" href=\"http:\/\/www.pratinha.mg.gov.br\/portal\/wp-content\/uploads\/2025\/12\/Convocacao-16-12.pdf\">4\u00aa Convoca\u00e7\u00e3o para Reuni\u00e3o do CAE (16\/12\/2025)<\/a><\/span><\/p>\n<p><strong><span style=\"color: #ff0000\">Reuni\u00f5es 2026<\/span><\/strong><\/p>\n<p><span style=\"color: #008000\"><a style=\"color: #008000\" href=\"http:\/\/www.pratinha.mg.gov.br\/portal\/wp-content\/uploads\/2026\/03\/Convocacao-CAE-1603-1.pdf\">1\u00aa Convoca\u00e7\u00e3o para Reuni\u00e3o do CAE (16\/03\/2026)<\/a><\/span><\/p>\n<p>&nbsp;<\/p>\n","protected":false},"excerpt":{"rendered":"<p>Reuni\u00f5es 2022 1\u00aa Convoca\u00e7\u00e3o para Reuni\u00e3o do CAE (04\/04\/2022) 2\u00aa Convoca\u00e7\u00e3o para Reuni\u00e3o do CAE (08\/06\/2022) 3\u00aa Convoca\u00e7\u00e3o para Reuni\u00e3o do CAE (19\/09\/2022) 4\u00aa Convoca\u00e7\u00e3o para Reuni\u00e3o de Posse dos Novos Membros do CAE (27 12 2022) Reuni\u00f5es 2023 1\u00aa Convoca\u00e7\u00e3o para Reuni\u00e3o do CAE (08\/03\/2023) 2\u00aa Convoca\u00e7\u00e3o para Reuni\u00e3o do CAE (29\/05\/2023) 3\u00aa Convoca\u00e7\u00e3o&hellip;<\/p>","protected":false},"author":1,"featured_media":0,"parent":0,"menu_order":0,"comment_status":"closed","ping_status":"closed","template":"","meta":{"footnotes":""},"class_list":["post-7670","page","type-page","status-publish"],"_links":{"self":[{"href":"http:\/\/www.pratinha.mg.gov.br\/portal\/wp-json\/wp\/v2\/pages\/7670","targetHints":{"allow":["GET"]}}],"collection":[{"href":"http:\/\/www.pratinha.mg.gov.br\/portal\/wp-json\/wp\/v2\/pages"}],"about":[{"href":"http:\/\/www.pratinha.mg.gov.br\/portal\/wp-json\/wp\/v2\/types\/page"}],"author":[{"embeddable":true,"href":"http:\/\/www.pratinha.mg.gov.br\/portal\/wp-json\/wp\/v2\/users\/1"}],"replies":[{"embeddable":true,"href":"http:\/\/www.pratinha.mg.gov.br\/portal\/wp-json\/wp\/v2\/comments?post=7670"}],"version-history":[{"count":15,"href":"http:\/\/www.pratinha.mg.gov.br\/portal\/wp-json\/wp\/v2\/pages\/7670\/revisions"}],"predecessor-version":[{"id":15148,"href":"http:\/\/www.pratinha.mg.gov.br\/portal\/wp-json\/wp\/v2\/pages\/7670\/revisions\/15148"}],"wp:attachment":[{"href":"http:\/\/www.pratinha.mg.gov.br\/portal\/wp-json\/wp\/v2\/media?parent=7670"}],"curies":[{"name":"wp","href":"https:\/\/api.w.org\/{rel}","templated":true}]}}