{"id":6256,"date":"2021-11-08T13:38:36","date_gmt":"2021-11-08T13:38:36","guid":{"rendered":"http:\/\/www.pratinha.mg.gov.br\/portal\/?page_id=6256"},"modified":"2024-10-04T14:46:41","modified_gmt":"2024-10-04T14:46:41","slug":"cae-leis-decretos-resolucoes-portarias-e-deliberacoes-normativas","status":"publish","type":"page","link":"http:\/\/www.pratinha.mg.gov.br\/portal\/cae-leis-decretos-resolucoes-portarias-e-deliberacoes-normativas\/","title":{"rendered":"Leis, Decretos, Resolu\u00e7\u00f5es e Notas T\u00e9cnicas."},"content":{"rendered":"<p>&nbsp;<\/p>\n<p style=\"text-align: justify\"><a href=\"http:\/\/www.pratinha.mg.gov.br\/portal\/conselhos\/cae\/leis\/Decreto248.pdf\" target=\"_blank\" rel=\"noopener\">DECRET0 N\u00b0 248\/2018<\/a><br \/>\n&#8220;Disp\u00f5e sobre a constitui\u00e7\u00e3o do Conselho Municipal de Alimenta\u00e7\u00e3o Escolar &#8211; CAE (2018 &#8211; 2022), do Munic\u00edpio de Pratinha -MG.&#8221;<\/p>\n<hr \/>\n<p style=\"text-align: justify\"><a href=\"http:\/\/www.pratinha.mg.gov.br\/portal\/conselhos\/cae\/leis\/Lei%20Federal-11947.pdf\" target=\"_blank\" rel=\"noopener\">LEI FEDERAL N\u00ba 11.947, DE 16 DE JUNHO DE 2009<\/a><br \/>\nDisp\u00f5e sobre o atendimento da alimenta\u00e7\u00e3o escolar e do Programa Dinheiro Direto na Escola aos alunos da educa\u00e7\u00e3o b\u00e1sica; altera as Leis n\u00bas 10.880, de 9 de junho de 2004, 11.273, de 6 de fevereiro de 2006, 11.507, de 20 de julho de 2007; revoga dispositivos da Medida Provis\u00f3ria n\u00ba 2.178-36, de 24 de agosto de 2001, e a Lei n\u00ba 8.913, de 12 de julho de 1994; e d\u00e1 outras provid\u00eancias.<\/p>\n<hr \/>\n<p style=\"text-align: justify\"><a href=\"http:\/\/www.pratinha.mg.gov.br\/portal\/conselhos\/cae\/leis\/Lei%20Federal13987.pdf\" target=\"_blank\" rel=\"noopener\">LEI FEDERAL N\u00ba 13.987, DE 7 DE ABRIL DE 2020<\/a><br \/>\nAltera a Lei n\u00ba 11.947, de 16 de junho de 2009, para autorizar, em car\u00e1ter excepcional, durante o per\u00edodo de suspens\u00e3o das aulas em raz\u00e3o de situa\u00e7\u00e3o de emerg\u00eancia ou calamidade p\u00fablica, a distribui\u00e7\u00e3o de g\u00eaneros aliment\u00edcios adquiridos com recursos do Programa Nacional de Alimenta\u00e7\u00e3o Escolar (Pnae) aos pais ou respons\u00e1veis dos estudantes das escolas p\u00fablicas de educa\u00e7\u00e3o b\u00e1sica.<\/p>\n<hr \/>\n<p><a href=\"http:\/\/www.pratinha.mg.gov.br\/portal\/conselhos\/cae\/leis\/resolucao_cd_26_2013.pdf\" target=\"_blank\" rel=\"noopener\">RESOLU\u00c7\u00c3O N\u00ba 26 DE 17 DE JUNHO DE 2013<\/a><\/p>\n<p>Disp\u00f5e sobre o atendimento da alimenta\u00e7\u00e3o escolar aos alunos da educa\u00e7\u00e3o b\u00e1sica no \u00e2mbito do Programa Nacional de Alimenta\u00e7\u00e3o Escolar \u2013 PNAE.<\/p>\n<hr \/>\n<p><a href=\"http:\/\/www.pratinha.mg.gov.br\/portal\/conselhos\/cae\/leis\/RESOLUCAO_N6.pdf\" target=\"_blank\" rel=\"noopener\">RESOLU\u00c7\u00c3O N\u00ba 06, DE 08 DE MAIO DE 2020<\/a><br \/>\nDisp\u00f5e sobre o atendimento da alimenta\u00e7\u00e3o escolar aos alunos da educa\u00e7\u00e3o b\u00e1sica no \u00e2mbito do Programa Nacional de Alimenta\u00e7\u00e3o Escolar \u2013 PNAE.<\/p>\n<hr \/>\n<p><a href=\"http:\/\/pratinha.mg.gov.br\/portal\/conselhos\/cae\/documentacao\/nota.pdf\" target=\"_blank\" rel=\"noopener\">NOTA T\u00c9CNICA N\u00ba 1879810\/2020\/COSAN\/CGPAE\/DIRAE<\/a><\/p>\n<p>INTERESSADO: AGEST &#8211; ASSESSORIA DE GEST\u00c3O ESTRAT\u00c9GICA, CHEFE DE<br \/>\nGABINETE DA PRESID\u00caNCIA DO FNDE, PRESID\u00caNCIA FNDE<\/p>\n<p>________________________________________________________________________<\/p>\n<p><span style=\"color: #0000ff\"><a style=\"color: #0000ff\" href=\"http:\/\/www.pratinha.mg.gov.br\/portal\/wp-content\/uploads\/2024\/04\/LEI-MUNICIPAL-No-658-Criacao-do-CAE.pdf\">LEI-MUNICIPAL N\u00ba 658\/2000 DISPOE SOBRE A CRIA\u00c7\u00c3O DO CONSELHO DE ALIMENTA\u00c7\u00c3O ESCOLAR &#8211; CAE DE PRATINHA<\/a><\/span><\/p>\n<p><span style=\"color: #0000ff\">_______________________________________________________________________<\/span><\/p>\n<p><span style=\"color: #0000ff\"><a style=\"color: #0000ff\" href=\"http:\/\/www.pratinha.mg.gov.br\/portal\/wp-content\/uploads\/2024\/04\/LEI-MUNICIPAL-No-835-Dispoe-sobre-a-Alteracao-da-Lei-658-2000-de-Criacao.pdf\">LEI MUNICIPAL N\u00ba 835\/2010 DISPOE SOBRE A ALTERA\u00c7\u00c3O DA LEI 658\/2000<\/a><\/span><\/p>\n<p><span style=\"color: #0000ff\">______________________________________________________________________<\/span><\/p>\n<p><span style=\"color: #0000ff\"><a style=\"color: #0000ff\" href=\"http:\/\/www.pratinha.mg.gov.br\/portal\/wp-content\/uploads\/2022\/12\/DECRETO-No-818-CAE-novos-membros2022-a-2026.pdf\">DECRETO N\u00ba 818\/2022 de 14\/12\/2022 (Quadri\u00eanio 2022 a 2026)\u00a0<\/a><\/span><\/p>\n<p>Nomeia membros para integrar o Conselho Municipal de Alimenta\u00e7\u00e3o Escolar &#8211; CAE (Quadri\u00eanio Dezembro 2022 a Dezembro 2026) do munic\u00edpio de Pratinha MG e d\u00e1 outras provid\u00eancias.<\/p>\n<p>________________________________________________________________________<\/p>\n<p><span style=\"color: #0000ff\"><a style=\"color: #0000ff\" href=\"http:\/\/www.pratinha.mg.gov.br\/portal\/wp-content\/uploads\/2024\/10\/Decreto-1140-renomeia-membro-do-CAE.pdf\">Decreto n\u00ba 1.140\/2024 de 16\/09\/2024 Renova membro do CAE<\/a><\/span><\/p>\n<p>________________________________________________________________________<\/p>\n","protected":false},"excerpt":{"rendered":"<p>&nbsp; DECRET0 N\u00b0 248\/2018 \"Disp\u00f5e sobre a constitui\u00e7\u00e3o do Conselho Municipal de Alimenta\u00e7\u00e3o Escolar - CAE (2018 - 2022), do Munic\u00edpio de Pratinha -MG.\" LEI FEDERAL N\u00ba 11.947, DE 16 DE JUNHO DE 2009 Disp\u00f5e sobre o atendimento da alimenta\u00e7\u00e3o escolar e do Programa Dinheiro Direto na Escola aos alunos da educa\u00e7\u00e3o b\u00e1sica; altera as&hellip;<\/p>","protected":false},"author":1,"featured_media":0,"parent":0,"menu_order":0,"comment_status":"closed","ping_status":"closed","template":"","meta":{"footnotes":""},"class_list":["post-6256","page","type-page","status-publish"],"_links":{"self":[{"href":"http:\/\/www.pratinha.mg.gov.br\/portal\/wp-json\/wp\/v2\/pages\/6256","targetHints":{"allow":["GET"]}}],"collection":[{"href":"http:\/\/www.pratinha.mg.gov.br\/portal\/wp-json\/wp\/v2\/pages"}],"about":[{"href":"http:\/\/www.pratinha.mg.gov.br\/portal\/wp-json\/wp\/v2\/types\/page"}],"author":[{"embeddable":true,"href":"http:\/\/www.pratinha.mg.gov.br\/portal\/wp-json\/wp\/v2\/users\/1"}],"replies":[{"embeddable":true,"href":"http:\/\/www.pratinha.mg.gov.br\/portal\/wp-json\/wp\/v2\/comments?post=6256"}],"version-history":[{"count":15,"href":"http:\/\/www.pratinha.mg.gov.br\/portal\/wp-json\/wp\/v2\/pages\/6256\/revisions"}],"predecessor-version":[{"id":11157,"href":"http:\/\/www.pratinha.mg.gov.br\/portal\/wp-json\/wp\/v2\/pages\/6256\/revisions\/11157"}],"wp:attachment":[{"href":"http:\/\/www.pratinha.mg.gov.br\/portal\/wp-json\/wp\/v2\/media?parent=6256"}],"curies":[{"name":"wp","href":"https:\/\/api.w.org\/{rel}","templated":true}]}}