{"id":5030,"date":"2020-08-30T23:14:16","date_gmt":"2020-08-30T23:14:16","guid":{"rendered":"http:\/\/www.pratinha.mg.gov.br\/portal\/?page_id=5030"},"modified":"2026-02-09T17:16:20","modified_gmt":"2026-02-09T17:16:20","slug":"convenios-estadual","status":"publish","type":"page","link":"http:\/\/www.pratinha.mg.gov.br\/portal\/convenios-estadual\/","title":{"rendered":"Conv\u00eanios Estadual"},"content":{"rendered":"\n<table id=\"tablepress-10\" class=\"tablepress tablepress-id-10\">\n<thead>\n<tr class=\"row-1\">\n\t<th class=\"column-1\">N\u00ba do Conv\u00eanio<\/th><th class=\"column-2\">Objeto<\/th><th class=\"column-3\">\u00d3rg\u00e3o<\/th><th class=\"column-4\">Valor<\/th><th class=\"column-5\">Anexo<\/th>\n<\/tr>\n<\/thead>\n<tbody class=\"row-striping row-hover\">\n<tr class=\"row-2\">\n\t<td class=\"column-1\">123 100 007 2\/2020<\/td><td class=\"column-2\">Patrulha Motomecanizada - Retroescavadeira<\/td><td class=\"column-3\">SEAPA-Sec. Est. Agric. Pec. Abastecimento<\/td><td class=\"column-4\">Repasse: 200.000,00<br \/>\nContrap.:  36.666,67<br \/>\nTOTAL:   236.666,67<br \/>\n<\/td><td class=\"column-5\"><a href=\"http:\/\/www.pratinha.mg.gov.br\/portal\/wp-content\/uploads\/2020\/08\/Conv\u00eanio-Retro.pdf\">Conv\u00eanio Retro<\/a><\/td>\n<\/tr>\n<tr class=\"row-3\">\n\t<td class=\"column-1\">1491001885\/2022<\/td><td class=\"column-2\">Aquisi\u00e7\u00e3o de ve\u00edculo para atendimento \u00e0 administra\u00e7\u00e3o municipal - Minivan 7 lugares.<\/td><td class=\"column-3\">SEGOV - Secretaria de Estado de Governo<\/td><td class=\"column-4\">Repasse: 121.760,00<br \/>\nContrap.:  56.198,27<br \/>\nTOTAL:    177.958,27<\/td><td class=\"column-5\"><a href=\"http:\/\/www.pratinha.mg.gov.br\/portal\/wp-content\/uploads\/2022\/06\/CONVENIO-assinado-pelo-Prefeito-23-06-22.pdf\">CONV\u00caNIO assinado pelo Prefeito 23-06-22<\/a><\/td>\n<\/tr>\n<tr class=\"row-4\">\n\t<td class=\"column-1\">1261001022\/2022<\/td><td class=\"column-2\">Aquisi\u00e7\u00e3o de ve\u00edculo para transporte escolar \u2013 Van 15 lugares.<\/td><td class=\"column-3\">SEE - Secretaria de Estado de Educa\u00e7\u00e3o<\/td><td class=\"column-4\">Repasse: 283.817,00<br \/>\nContrap.:  51.437,83<br \/>\nTOTAL:    335.254,83<\/td><td class=\"column-5\"><a href=\"http:\/\/www.pratinha.mg.gov.br\/portal\/wp-content\/uploads\/2022\/06\/Termo-de-Convenio.pdf\">Termo de Conv\u00eanio<\/a><\/td>\n<\/tr>\n<tr class=\"row-5\">\n\t<td class=\"column-1\">1.261000792\/2022<\/td><td class=\"column-2\">Constru\u00e7\u00e3o de quadra poliesportiva na Escola Municipal Neuza Ol\u00edmpia dos Reis.<\/td><td class=\"column-3\">SEE - Secretaria de Estado de Educa\u00e7\u00e3o<\/td><td class=\"column-4\">Repasse: 751.638,34<br \/>\nContrap.:           0,00<br \/>\nTOTAL:    751.638,34<\/td><td class=\"column-5\"><a href=\"http:\/\/www.pratinha.mg.gov.br\/portal\/wp-content\/uploads\/2022\/06\/Termo-de-Convenio-Assinado.pdf\">Termo de Conv\u00eanio - Assinado<\/a><\/td>\n<\/tr>\n<tr class=\"row-6\">\n\t<td class=\"column-1\">1.261000792\/2022 - 1\u00ba Termo Aditivo<\/td><td class=\"column-2\">Constru\u00e7\u00e3o de quadra poliesportiva na Escola Municipal Neuza Ol\u00edmpia dos Reis.<\/td><td class=\"column-3\">SEE - Secretaria de Estado de Educa\u00e7\u00e3o<\/td><td class=\"column-4\">Repasse: 751.638,34<br \/>\nContrap.:  73.267,29<br \/>\nTOTAL:    924.905,63<\/td><td class=\"column-5\"><a href=\"http:\/\/www.pratinha.mg.gov.br\/portal\/wp-content\/uploads\/2023\/04\/Termo-Aditivo-e-Alteracao-Para-publicacao-no-site-26-04-23.pdf\">Termo Aditivo e Altera\u00e7\u00e3o - Para publica\u00e7\u00e3o no site 26-04-23<\/a><\/td>\n<\/tr>\n<tr class=\"row-7\">\n\t<td class=\"column-1\">1261000691\/2022<\/td><td class=\"column-2\">Aquisi\u00e7\u00e3o de Ve\u00edculos para Transporte Escolar<\/td><td class=\"column-3\">SEE - Secretaria de Estado de Educa\u00e7\u00e3o<\/td><td class=\"column-4\">Repasse: 867.800,00<br \/>\nContrap.:103.959,98<br \/>\nTOTAL:    971.759,98<\/td><td class=\"column-5\"><a href=\"http:\/\/www.pratinha.mg.gov.br\/portal\/wp-content\/uploads\/2022\/06\/Convenio.pdf\">Conv\u00eanio<\/a><\/td>\n<\/tr>\n<tr class=\"row-8\">\n\t<td class=\"column-1\">1261002424\/2022<\/td><td class=\"column-2\">Aquisi\u00e7\u00e3o de Mobili\u00e1rio e Equipamentos Escolares<\/td><td class=\"column-3\">SEE - Secretaria de Estado de Educa\u00e7\u00e3o<\/td><td class=\"column-4\">Repasse: 199.780,74<br \/>\nContrap.:           0,00<br \/>\nTOTAL:    199.780,74<\/td><td class=\"column-5\"><a href=\"http:\/\/www.pratinha.mg.gov.br\/portal\/wp-content\/uploads\/2022\/07\/Convenio.pdf\">Conv\u00eanio<\/a><\/td>\n<\/tr>\n<tr class=\"row-9\">\n\t<td class=\"column-1\">1\u00ba Termo Aditivo ao Conv\u00eanio n\u00ba 1261002424\/2022<\/td><td class=\"column-2\">Aquisi\u00e7\u00e3o de Mobili\u00e1rio e Equipamentos Escolares<\/td><td class=\"column-3\">SEE - Secretaria de Estado de Educa\u00e7\u00e3o<\/td><td class=\"column-4\">Repasse: 199.780,74<br \/>\nContrap.:           0,00<br \/>\nTOTAL:    199.780,74<\/td><td class=\"column-5\"><a href=\"http:\/\/www.pratinha.mg.gov.br\/portal\/wp-content\/uploads\/2023\/09\/Termo-Aditivo-1o-14-09-23.pdf\">Termo Aditivo 1\u00ba - 14-09-23<\/a><\/td>\n<\/tr>\n<tr class=\"row-10\">\n\t<td class=\"column-1\">2\u00ba Termo Aditivo ao Conv\u00eanio n\u00ba 1261002424\/2022<\/td><td class=\"column-2\">Aquisi\u00e7\u00e3o de Mobili\u00e1rio e Equipamentos Escolares<\/td><td class=\"column-3\">SEE - Secretaria de Estado de Educa\u00e7\u00e3o<\/td><td class=\"column-4\">Repasse: 199.780,74<br \/>\nContrap.: 0,00<br \/>\nTotal: 199.780,74<\/td><td class=\"column-5\"><a href=\"http:\/\/www.pratinha.mg.gov.br\/portal\/wp-content\/uploads\/2024\/05\/Termo-Aditivo-2o.pdf\">Termo Aditivo 2\u00ba<\/a><\/td>\n<\/tr>\n<tr class=\"row-11\">\n\t<td class=\"column-1\">3\u00ba Termo Aditivo ao Conv\u00eanio n\u00ba 1261002424\/2022<\/td><td class=\"column-2\">Aquisi\u00e7\u00e3o de Mobili\u00e1rio e Equipamentos Escolares<\/td><td class=\"column-3\">SEE - Secretaria de Estado de Educa\u00e7\u00e3o<\/td><td class=\"column-4\">Repasse: 199.780,74<br \/>\nContrap.: 0,00<br \/>\nTotal: 199.780,74<\/td><td class=\"column-5\"><a href=\"http:\/\/www.pratinha.mg.gov.br\/portal\/wp-content\/uploads\/2024\/07\/TERMO-ADITIVO-Assinado-31-07-24.pdf\">TERMO ADITIVO - Assinado 31-07-24<\/a><\/td>\n<\/tr>\n<tr class=\"row-12\">\n\t<td class=\"column-1\">Conv\u00eanio n\u00ba 08\/2022 - Cess\u00e3o de Funcion\u00e1rio<\/td><td class=\"column-2\">Estabelecimento de condi\u00e7\u00f5es de coopera\u00e7\u00e3o m\u00fatua entre os convenentes, visando aperfei\u00e7oar o policiamento ostensivo e a preserva\u00e7\u00e3o da ordem p\u00fablica no munic\u00edpio de Pratinha\/MG, conforme respectivo Plano de Trabalho.<\/td><td class=\"column-3\">Estado de Minas Gerais\/PMMG\/5\u00aa RPM\/37\u00ba BPM<\/td><td class=\"column-4\">R$ 31.200,00<\/td><td class=\"column-5\"><a href=\"http:\/\/www.pratinha.mg.gov.br\/portal\/wp-content\/uploads\/2022\/07\/Convenio-08-2022-Cessao-de-Funcionario.pdf\">Conv\u00eanio 08-2022 - Cess\u00e3o de Funcion\u00e1rio<\/a><\/td>\n<\/tr>\n<tr class=\"row-13\">\n\t<td class=\"column-1\">1\u00ba Termo Aditivo ao Conv\u00eanio n\u00ba 08\/2022<\/td><td class=\"column-2\">Alterar o item 4.1 da Cl\u00e1usula Quarta do conv\u00eanio n\u00ba 08\/2022. <\/td><td class=\"column-3\">Estado de Minas Gerais\/PMMG\/5\u00aa RPM\/37\u00ba BPM<\/td><td class=\"column-4\">R$ 39.200,00<\/td><td class=\"column-5\"><a href=\"http:\/\/www.pratinha.mg.gov.br\/portal\/wp-content\/uploads\/2022\/07\/Termo-Aditivo-2022.pdf\">Termo Aditivo 2022<\/a><\/td>\n<\/tr>\n<tr class=\"row-14\">\n\t<td class=\"column-1\">Conv\u00eanio n\u00ba 01\/2023<\/td><td class=\"column-2\">Conjuga\u00e7\u00e3o de esfor\u00e7os entre o MUNIC\u00cdPIO e a EMATER-MG, visando a\u00e7\u00f5es que promovam o desenvolvimento sustent\u00e1vel, por meio da assist\u00eancia t\u00e9cnica e extens\u00e3o rural no munic\u00edpio.<\/td><td class=\"column-3\">EMATER<\/td><td class=\"column-4\">R$ 391.192,60 <\/td><td class=\"column-5\"><a href=\"http:\/\/www.pratinha.mg.gov.br\/portal\/wp-content\/uploads\/2025\/01\/Extrato-de-Convenio-2023-Para-Publicacao.pdf\">Extrato de Conv\u00eanio 2023 - Para Publica\u00e7\u00e3o<\/a><\/td>\n<\/tr>\n<tr class=\"row-15\">\n\t<td class=\"column-1\">Conv\u00eanio n\u00ba 02\/2023<\/td><td class=\"column-2\">Cess\u00e3o pelo MUNIC\u00cdPIO \u00e0 EMATER-MG, sem \u00f4nus para esta, de funcion\u00e1rio(a) para prestar servi\u00e7os de Auxiliar de Escrit\u00f3rio, no Escrit\u00f3rio Local de Pratinha-MG<\/td><td class=\"column-3\">EMATER<\/td><td class=\"column-4\">R$ 33.047,00<\/td><td class=\"column-5\"><a href=\"http:\/\/www.pratinha.mg.gov.br\/portal\/wp-content\/uploads\/2025\/01\/Extrato-de-Convenio-2023-Para-Publicacao-1.pdf\">Extrato de Conv\u00eanio 2023 - Para Publica\u00e7\u00e3o<\/a><\/td>\n<\/tr>\n<tr class=\"row-16\">\n\t<td class=\"column-1\">TERMO DE CESS\u00c3O GRATUITA DE IM\u00d3VEL S\/N<\/td><td class=\"column-2\">Cess\u00e3o, sem \u00f4nus para a EMATER, para uso exclusivo de instala\u00e7\u00e3o de seu escrit\u00f3rio no Munic\u00edpio de Pratinha, o im\u00f3vel de alvenaria com \u00e1rea de 49m2, 03 c\u00f4modos, localizado na Rua Jo\u00e3o Andr\u00e9a Vecci, n\u00ba 224, Centro, na cidade de Pratinha-MG.<\/td><td class=\"column-3\">EMATER<\/td><td class=\"column-4\"><\/td><td class=\"column-5\"><a href=\"http:\/\/www.pratinha.mg.gov.br\/portal\/wp-content\/uploads\/2025\/01\/Extrato-de-Termo-de-Cessao-de-Imovel-2023-Para-Publicacao.pdf\">Extrato de Termo de Cess\u00e3o de Im\u00f3vel 2023 - Para Publica\u00e7\u00e3o<\/a><\/td>\n<\/tr>\n<tr class=\"row-17\">\n\t<td class=\"column-1\">Convenio n\u00ba 07\/2023<\/td><td class=\"column-2\">Aperfei\u00e7oamento do policiamento ostensivo e da preserva\u00e7\u00e3o da ordem p\u00fablica no Munic\u00edpio de Pratinha, por meio de apoio material \u00e0 PMMG.<\/td><td class=\"column-3\">Estado de Minas Gerais \/ PMMG \/ 37\u00ba BPM<\/td><td class=\"column-4\">R$ 124.920,00<\/td><td class=\"column-5\"><a href=\"http:\/\/www.pratinha.mg.gov.br\/portal\/wp-content\/uploads\/2023\/01\/Extrato-de-Convenio-2023-Para-Publicacao-2.doc\">Extrato de Conv\u00eanio 2023 - Para Publica\u00e7\u00e3o<\/a><\/td>\n<\/tr>\n<tr class=\"row-18\">\n\t<td class=\"column-1\">Convenio n\u00ba 08\/2023<\/td><td class=\"column-2\">Aperfei\u00e7oamento do policiamento ostensivo e da preserva\u00e7\u00e3o da ordem p\u00fablica no Munic\u00edpio de Pratinha, por meio de cess\u00e3o de funcion\u00e1rio \u00e0 PMMG.<\/td><td class=\"column-3\">Estado de Minas Gerais \/ PMMG \/ 37\u00ba BPM<\/td><td class=\"column-4\">R$ 57.600,00<\/td><td class=\"column-5\"><a href=\"http:\/\/www.pratinha.mg.gov.br\/portal\/wp-content\/uploads\/2023\/01\/Extrato-de-Convenio-2023-Para-Publicacao-4.doc\">Extrato de Conv\u00eanio 2023 - Para Publica\u00e7\u00e3o<\/a><\/td>\n<\/tr>\n<tr class=\"row-19\">\n\t<td class=\"column-1\">1\u00ba Termo Aditivo ao Conv\u00eanio n\u00ba 058\/2022<\/td><td class=\"column-2\">Estabelecimento de m\u00fatua coopera\u00e7\u00e3o entre as partes convenentes, visando ao eficiente funcionamento das atividades forenses na Comarca de Ibi\u00e1-MG, mediante cess\u00e3o de 02(duas) servidoras municipais efetivas.<\/td><td class=\"column-3\">Tribunal de Justi\u00e7a do Estado de Minas Gerais<\/td><td class=\"column-4\"><\/td><td class=\"column-5\"><a href=\"http:\/\/www.pratinha.mg.gov.br\/portal\/wp-content\/uploads\/2023\/07\/Aditivo-2023-Assinado.pdf\">Aditivo 2023 - Assinado<\/a><\/td>\n<\/tr>\n<tr class=\"row-20\">\n\t<td class=\"column-1\">1491001044\/2023<\/td><td class=\"column-2\">Reforma e amplia\u00e7\u00e3o da Pra\u00e7a da Igreja Santa Cruz.<\/td><td class=\"column-3\">SEGOV - Secretaria de Estado de Governo \/ PADEM<\/td><td class=\"column-4\">R$ 303.453,24<\/td><td class=\"column-5\"><a href=\"http:\/\/www.pratinha.mg.gov.br\/portal\/wp-content\/uploads\/2023\/08\/Convenio.pdf\">Conv\u00eanio<\/a><\/td>\n<\/tr>\n<tr class=\"row-21\">\n\t<td class=\"column-1\">1491001529\/2023<\/td><td class=\"column-2\">Aquisi\u00e7\u00e3o de ve\u00edculo para atendimento \u00e0 administra\u00e7\u00e3o municipal.<\/td><td class=\"column-3\">SEGOV - Secretaria de Estado de Governo \/ PADEM<\/td><td class=\"column-4\">R$ 132.310,00<\/td><td class=\"column-5\"><a href=\"http:\/\/www.pratinha.mg.gov.br\/portal\/wp-content\/uploads\/2023\/11\/Convenio-Assinado-em-27-11-23.pdf\">Conv\u00eanio - Assinado em 27-11-23<\/a><\/td>\n<\/tr>\n<tr class=\"row-22\">\n\t<td class=\"column-1\">Convenio n\u00ba 07\/2024 <\/td><td class=\"column-2\">Aperfei\u00e7oamento do policiamento ostensivo e da preserva\u00e7\u00e3o da ordem p\u00fablica no Munic\u00edpio de Pratinha, por meio de apoio material \u00e0 PMMG.<\/td><td class=\"column-3\">Estado de Minas Gerais \/ PMMG \/ 37\u00ba BPM<\/td><td class=\"column-4\">R$ 96.480,00<\/td><td class=\"column-5\"><a href=\"http:\/\/www.pratinha.mg.gov.br\/portal\/wp-content\/uploads\/2024\/01\/Extrato-de-Convenio-2024-Para-Publicacao.doc\">Extrato de Conv\u00eanio 2024 - Para Publica\u00e7\u00e3o<\/a><\/td>\n<\/tr>\n<tr class=\"row-23\">\n\t<td class=\"column-1\">Convenio n\u00ba 08\/2024<\/td><td class=\"column-2\">Aperfei\u00e7oamento do policiamento ostensivo e da preserva\u00e7\u00e3o da ordem p\u00fablica no Munic\u00edpio de Pratinha, por meio de cess\u00e3o de funcion\u00e1rio \u00e0 PMMG.<\/td><td class=\"column-3\">Estado de Minas Gerais \/ PMMG \/ 37\u00ba BPM<\/td><td class=\"column-4\">R$ 57.600,00<\/td><td class=\"column-5\"><a href=\"http:\/\/www.pratinha.mg.gov.br\/portal\/wp-content\/uploads\/2024\/01\/Extrato-de-Convenio-2024-Para-Publicacao-1.doc\">Extrato de Conv\u00eanio 2024 - Para Publica\u00e7\u00e3o<\/a><\/td>\n<\/tr>\n<tr class=\"row-24\">\n\t<td class=\"column-1\">EXTRATO DE TERMO DE RESCIS\u00c3O AO CONV\u00caNIO N\u00ba 0530.3.10.12946.00\/2022. <br \/>\n<\/td><td class=\"column-2\">Fica rescindido em car\u00e1ter irrevog\u00e1vel e irretrat\u00e1vel, o presente conv\u00eanio a partir do dia 01\/05\/2024, n\u00e3o tendo as partes nada a reclamarem uma da outra, seja judicial ou extrajudicialmente.<\/td><td class=\"column-3\">EMATER<\/td><td class=\"column-4\"><\/td><td class=\"column-5\"><a href=\"http:\/\/www.pratinha.mg.gov.br\/portal\/wp-content\/uploads\/2025\/01\/Extrato-de-Rescisao-Lara-Vilma-01-05-24-Para-Publicacao.pdf\">Extrato de Rescis\u00e3o - Lara Vilma 01-05-24 - Para Publica\u00e7\u00e3o<\/a><\/td>\n<\/tr>\n<tr class=\"row-25\">\n\t<td class=\"column-1\">Conv\u00eanio n\u00ba 01\/2024<\/td><td class=\"column-2\">Cess\u00e3o pelo MUNIC\u00cdPIO \u00e0 EMATER-MG, sem \u00f4nus para esta, de funcion\u00e1rio(a) para prestar servi\u00e7os de Auxiliar de Escrit\u00f3rio, no Escrit\u00f3rio Local de Pratinha-MG<\/td><td class=\"column-3\">EMATER<\/td><td class=\"column-4\">R$ 13.844,93<\/td><td class=\"column-5\"><a href=\"http:\/\/www.pratinha.mg.gov.br\/portal\/wp-content\/uploads\/2024\/05\/Extrato-de-Convenio-2024-Para-Publicacao.doc\">Extrato de Conv\u00eanio 2024 - Para Publica\u00e7\u00e3o<\/a><\/td>\n<\/tr>\n<tr class=\"row-26\">\n\t<td class=\"column-1\">EXTRATO DE TERMO DE RESCIS\u00c3O AO CONV\u00caNIO N\u00ba 0530.3.10.14230\/2024.<\/td><td class=\"column-2\">Fica rescindido em car\u00e1ter irrevog\u00e1vel e irretrat\u00e1vel, o presente conv\u00eanio a partir do dia 16\/09\/2024, n\u00e3o tendo as partes nada a reclamarem uma da outra, seja judicial ou extrajudicialmente.<\/td><td class=\"column-3\">EMATER<\/td><td class=\"column-4\"><\/td><td class=\"column-5\"><a href=\"http:\/\/www.pratinha.mg.gov.br\/portal\/wp-content\/uploads\/2025\/01\/Extrato-de-Rescisao-Lara-Vilma-01-05-24-Para-Publicacao-1.pdf\">Extrato de Rescis\u00e3o - Lara Vilma 01-05-24 - Para Publica\u00e7\u00e3o<\/a><\/td>\n<\/tr>\n<\/tbody>\n<\/table>\n<!-- #tablepress-10 from cache -->\n<p>&nbsp;<\/p>\n<h2><strong>Convenios 2025\/2028<\/strong><\/h2>\n<hr \/>\n<p>&nbsp;<\/p>\n\n<table id=\"tablepress-23\" class=\"tablepress tablepress-id-23\">\n<thead>\n<tr class=\"row-1\">\n\t<th class=\"column-1\">N\u00ba do Conv\u00eanio<\/th><th class=\"column-2\">Objeto<\/th><th class=\"column-3\">\u00d3rg\u00e3o<\/th><th class=\"column-4\">Valor<\/th><th class=\"column-5\">Anexo<\/th>\n<\/tr>\n<\/thead>\n<tbody class=\"row-striping row-hover\">\n<tr class=\"row-2\">\n\t<td class=\"column-1\">Convenio n\u00ba 07\/2025 <\/td><td class=\"column-2\">Aperfei\u00e7oamento do policiamento ostensivo e da preserva\u00e7\u00e3o da ordem p\u00fablica no Munic\u00edpio de Pratinha, por meio de apoio material \u00e0 PMMG.<\/td><td class=\"column-3\">Estado de Minas Gerais \/ PMMG \/ 37\u00ba BPM<\/td><td class=\"column-4\">R$ 96.480,00<\/td><td class=\"column-5\"><a href=\"http:\/\/www.pratinha.mg.gov.br\/portal\/wp-content\/uploads\/2025\/01\/Extrato-de-Convenio-2025-Para-Publicacao.pdf\">Extrato de Conv\u00eanio 2025 - Para Publica\u00e7\u00e3o<\/a><\/td>\n<\/tr>\n<tr class=\"row-3\">\n\t<td class=\"column-1\">Convenio n\u00ba 08\/2025<\/td><td class=\"column-2\">Aperfei\u00e7oamento do policiamento ostensivo e da preserva\u00e7\u00e3o da ordem p\u00fablica no Munic\u00edpio de Pratinha, por meio de cess\u00e3o de funcion\u00e1rio \u00e0 PMMG.<\/td><td class=\"column-3\">Estado de Minas Gerais \/ PMMG \/ 37\u00ba BPM<\/td><td class=\"column-4\">R$ 57.600,00<\/td><td class=\"column-5\"><a href=\"http:\/\/www.pratinha.mg.gov.br\/portal\/wp-content\/uploads\/2025\/01\/Extrato-de-Convenio-2025-Para-Publicacao-1.pdf\">Extrato de Conv\u00eanio 2025 - Para Publica\u00e7\u00e3o<\/a><\/td>\n<\/tr>\n<tr class=\"row-4\">\n\t<td class=\"column-1\">Convenio n\u00ba 57\/2025<\/td><td class=\"column-2\">Estabelecimento de condi\u00e7\u00f5es de coopera\u00e7\u00e3o m\u00fatua entre os convenentes, visando a aperfei\u00e7oar o policiamento ostensivo, ambiental e de mananciais, bem como a preserva\u00e7\u00e3o da fauna, flora e do meio ambiente e, ainda, a preserva\u00e7\u00e3o da ordem p\u00fablica no munic\u00edpio de Pratinha\/MG, conforme respectivo PLANO DE TRABALHO.<\/td><td class=\"column-3\">Estado de Minas Gerais\/PMMG\/CPE\/BPM MAMB\/6\u00aa CIAPM MAMB\/1\u00ba PEL PM MAMB\/3\u00ba GPM PM MAMB<\/td><td class=\"column-4\">R$ 77.400,00<\/td><td class=\"column-5\"><a href=\"http:\/\/www.pratinha.mg.gov.br\/portal\/wp-content\/uploads\/2025\/06\/Extrato-de-Convenio-2025-Para-Publicacao-03-06-25.pdf\">Extrato de Conv\u00eanio 2025 - Para Publica\u00e7\u00e3o 03-06-25<\/a><\/td>\n<\/tr>\n<tr class=\"row-5\">\n\t<td class=\"column-1\">Convenio n\u00ba 1261001158\/2025<\/td><td class=\"column-2\">Aquisisi\u00e7\u00e3o de 4 Vans 15 lug. p\/ Transporte Escolar.<\/td><td class=\"column-3\">SEE \u2013 Secretaria Estadual de Educa\u00e7\u00e3o<\/td><td class=\"column-4\">R$ 1.296.192,04<\/td><td class=\"column-5\"><a href=\"http:\/\/www.pratinha.mg.gov.br\/portal\/wp-content\/uploads\/2025\/09\/Termo-de-Convenio-Assinado-Prefeito-em-11-09-25.pdf\">Termo de Convenio - Assinado Prefeito em 11-09-25<\/a><\/td>\n<\/tr>\n<tr class=\"row-6\">\n\t<td class=\"column-1\">Convenio n\u00ba 07\/2026<\/td><td class=\"column-2\">Aperfei\u00e7oamento do policiamento ostensivo e da preserva\u00e7\u00e3o da ordem p\u00fablica no Munic\u00edpio de Pratinha, por meio de apoio material \u00e0 PMMG.<\/td><td class=\"column-3\">Estado de Minas Gerais \/ PMMG \/ 37\u00ba BPM<\/td><td class=\"column-4\">R$ 96.480,00<\/td><td class=\"column-5\"><a href=\"http:\/\/www.pratinha.mg.gov.br\/portal\/wp-content\/uploads\/2026\/01\/Extrato-de-Convenio-2026-Para-Publicacao.pdf\">Extrato de Conv\u00eanio 2026 - Para Publica\u00e7\u00e3o<\/a><\/td>\n<\/tr>\n<tr class=\"row-7\">\n\t<td class=\"column-1\">Convenio n\u00ba 08\/2026<\/td><td class=\"column-2\">Aperfei\u00e7oamento do policiamento ostensivo e da preserva\u00e7\u00e3o da ordem p\u00fablica no Munic\u00edpio de Pratinha, por meio de cess\u00e3o de funcion\u00e1rio \u00e0 PMMG.<\/td><td class=\"column-3\">Estado de Minas Gerais \/ PMMG \/ 37\u00ba BPM<\/td><td class=\"column-4\">R$ 65.000,00<\/td><td class=\"column-5\"><a href=\"http:\/\/www.pratinha.mg.gov.br\/portal\/wp-content\/uploads\/2026\/01\/Extrato-de-Convenio-2026-Para-Publicacao-1.pdf\">Extrato de Conv\u00eanio 2026 - Para Publicacao<\/a><\/td>\n<\/tr>\n<tr class=\"row-8\">\n\t<td class=\"column-1\">Termo S\/N 2026<\/td><td class=\"column-2\">Cess\u00e3o pela Prefeitura \u00e0 EMATER-MG, sem \u00f4nus para esta, da funcion\u00e1ria JUCIELLE ADRIANA BORGES, para prestar servi\u00e7o de Auxiliar de Escrit\u00f3rio, no Escrit\u00f3rio Local de Pratinha, no prazo de vig\u00eancia deste instrumento.<\/td><td class=\"column-3\">EMATER-MG<\/td><td class=\"column-4\">18.774,25<\/td><td class=\"column-5\"><a href=\"http:\/\/www.pratinha.mg.gov.br\/portal\/wp-content\/uploads\/2026\/02\/Extrato-de-Termo-Jucielle-09-02-26-Para-Publicacao.docx\">Extrato de Termo - Jucielle 09-02-26 - Para Publicacao<\/a><br \/>\n<br \/>\n<a href=\"http:\/\/www.pratinha.mg.gov.br\/portal\/wp-content\/uploads\/2026\/02\/Extrato-de-Termo-Jucielle-09-02-26-Para-Publicacao.pdf\">Extrato de Termo - Jucielle 09-02-26 - Para Publicacao<\/a><\/td>\n<\/tr>\n<tr class=\"row-9\">\n\t<td class=\"column-1\">Convenio n\u00ba 1261000792\/2022 - 2\u00ba Termo Aditivo<\/td><td class=\"column-2\">Constru\u00e7\u00e3o de quadra poliesportiva na Escola Municipal Neuza Ol\u00edmpia dos Reis.<\/td><td class=\"column-3\">SEE \u2013 Secretaria Estadual de Educa\u00e7\u00e3o<\/td><td class=\"column-4\">924.905,63<\/td><td class=\"column-5\"><a href=\"http:\/\/www.pratinha.mg.gov.br\/portal\/wp-content\/uploads\/2026\/03\/TERMO_ADITIVO1784434-Assinado-em-06-03-26.pdf\">TERMO_ADITIVO(1784434) - Assinado em 06-03-26<\/a><\/td>\n<\/tr>\n<tr class=\"row-10\">\n\t<td class=\"column-1\">Termo de Ades\u00e3o SEF\/SRF-Uberaba-AF-ARAX\u00c1 n\u00ba 31\/2026<\/td><td class=\"column-2\">M\u00fatua coopera\u00e7\u00e3o para instala\u00e7\u00e3o e funcionamento do Servi\u00e7o Integrado de Assist\u00eancia Tribut\u00e1ria e Fiscal \u2013 SIAT.<\/td><td class=\"column-3\"> Secretaria de Estado de Fazenda\/SRF-Uberaba-AF-ARAX\u00c1<\/td><td class=\"column-4\">0,00<\/td><td class=\"column-5\"><a href=\"http:\/\/www.pratinha.mg.gov.br\/portal\/wp-content\/uploads\/2026\/04\/Termo-de-Adesao-Renovacao-2026-Assinado-P.-Publicacao.pdf\">Termo de Ades\u00e3o - Renova\u00e7\u00e3o 2026 - Assinado - P. Publica\u00e7\u00e3o<\/a><\/td>\n<\/tr>\n<tr class=\"row-11\">\n\t<td class=\"column-1\"><\/td><td class=\"column-2\"><\/td><td class=\"column-3\"><\/td><td class=\"column-4\"><\/td><td class=\"column-5\"><\/td>\n<\/tr>\n<\/tbody>\n<\/table>\n<!-- #tablepress-23 from cache -->\n","protected":false},"excerpt":{"rendered":"<p>&nbsp; Convenios 2025\/2028 &nbsp;<\/p>","protected":false},"author":1,"featured_media":0,"parent":0,"menu_order":0,"comment_status":"closed","ping_status":"closed","template":"","meta":{"footnotes":""},"class_list":["post-5030","page","type-page","status-publish"],"_links":{"self":[{"href":"http:\/\/www.pratinha.mg.gov.br\/portal\/wp-json\/wp\/v2\/pages\/5030","targetHints":{"allow":["GET"]}}],"collection":[{"href":"http:\/\/www.pratinha.mg.gov.br\/portal\/wp-json\/wp\/v2\/pages"}],"about":[{"href":"http:\/\/www.pratinha.mg.gov.br\/portal\/wp-json\/wp\/v2\/types\/page"}],"author":[{"embeddable":true,"href":"http:\/\/www.pratinha.mg.gov.br\/portal\/wp-json\/wp\/v2\/users\/1"}],"replies":[{"embeddable":true,"href":"http:\/\/www.pratinha.mg.gov.br\/portal\/wp-json\/wp\/v2\/comments?post=5030"}],"version-history":[{"count":3,"href":"http:\/\/www.pratinha.mg.gov.br\/portal\/wp-json\/wp\/v2\/pages\/5030\/revisions"}],"predecessor-version":[{"id":14728,"href":"http:\/\/www.pratinha.mg.gov.br\/portal\/wp-json\/wp\/v2\/pages\/5030\/revisions\/14728"}],"wp:attachment":[{"href":"http:\/\/www.pratinha.mg.gov.br\/portal\/wp-json\/wp\/v2\/media?parent=5030"}],"curies":[{"name":"wp","href":"https:\/\/api.w.org\/{rel}","templated":true}]}}