{"id":283,"date":"2017-03-31T03:07:44","date_gmt":"2017-03-31T03:07:44","guid":{"rendered":"http:\/\/pratinha.mg.gov.br\/portal\/?page_id=283"},"modified":"2025-01-14T13:49:18","modified_gmt":"2025-01-14T13:49:18","slug":"saude","status":"publish","type":"page","link":"http:\/\/www.pratinha.mg.gov.br\/portal\/saude\/","title":{"rendered":"DEPARTAMENTO MUNICIPAL DE SA\u00daDE"},"content":{"rendered":"<p>&nbsp;<\/p>\n<p><strong>Pol\u00edtica de atua\u00e7\u00e3o:<\/strong><\/p>\n<p><span style=\"font-size: 10pt;\">Estabelecer e executar as pol\u00edticas p\u00fablicas municipais de sa\u00fade, na condu\u00e7\u00e3o plena do Sistema Municipal da Sa\u00fade, cuidando de forma integral da sa\u00fade do cidad\u00e3o, assegurando seus direitos e respeitando as diversidades dentro das suas compet\u00eancias e capacidade instalada.<\/span><\/p>\n<p>&nbsp;<\/p>\n<p><strong>Diretor do Departamento:<\/strong>Thalita Mikaella Rosa Borges<\/p>\n<p><strong>\u00a0<\/strong><\/p>\n<p><strong>Atribui\u00e7\u00f5es:<\/strong><\/p>\n<p><strong>\u00a0<\/strong><\/p>\n<ul>\n<li>Assessorar o Prefeito Municipal na an\u00e1lise das mat\u00e9rias referentes \u00e0 \u00e1rea de atua\u00e7\u00e3o da Departamento;<\/li>\n<li>Elaborar o planejamento da Departamento, segundo diretrizes definidas pelo prefeito;<\/li>\n<li>Manter estreito relacionamento com os \u00f3rg\u00e3os e entidades de sa\u00fade do Estado e da Uni\u00e3o, visando ao atendimento dos servi\u00e7os de assist\u00eancia m\u00e9dico-social, odontol\u00f3gica e de defesa sanit\u00e1ria do Munic\u00edpio;<\/li>\n<li>Realizar o controle epidemiol\u00f3gico na \u00e1rea do Munic\u00edpio;<\/li>\n<li>Planeja, prop\u00f5e e coordena a gest\u00e3o do Sistema \u00danico de Sa\u00fade \u2013 SUS do Munic\u00edpio;<\/li>\n<li>Planejar e promover a\u00e7\u00f5es integradas de sa\u00fade no \u00e2mbito do munic\u00edpio;<\/li>\n<li>Garantir o acesso do usu\u00e1rio ao Sistema \u00danico de Sa\u00fade dentro dos princ\u00edpios da Integralidade, Universalidade, Eq\u00fcidade;<\/li>\n<li>Planejar e coordenar a gest\u00e3o de controle de zoonoses, de vigil\u00e2ncia epidemiol\u00f3gica, de vigil\u00e2ncia sanit\u00e1ria e fiscaliza\u00e7\u00e3o do Munic\u00edpio, das entidades p\u00fablicas e privadas;<\/li>\n<li>Observar e cumprir as legisla\u00e7\u00f5es pertinentes ao Sistema \u00danico de Sa\u00fade;<\/li>\n<li>Representar o SUS em \u00e2mbito Municipal;<\/li>\n<li>Contratar Auditoria de Servi\u00e7os de Sa\u00fade;<\/li>\n<li>Propiciar condi\u00e7\u00f5es dignas e adequadas de trabalho aos servidores \u00e0 disposi\u00e7\u00e3o da Sa\u00fade;<\/li>\n<li>Orientar e fiscalizar as a\u00e7\u00f5es da sa\u00fade no munic\u00edpio;<\/li>\n<li>Orientar levantamentos dos problemas de sa\u00fade do Munic\u00edpio, a fim de identificar as causas e combater as doen\u00e7as com efic\u00e1cia;<\/li>\n<li>Planejar, orientar e fiscalizar a atua\u00e7\u00e3o dos profissionais e servidores da sa\u00fade em sua jurisdi\u00e7\u00e3o;<\/li>\n<li>Estimular e promover a implanta\u00e7\u00e3o de consult\u00f3rios, clinicas, laborat\u00f3rios e hospitais no munic\u00edpio;<\/li>\n<li>Orientar a equipe de dire\u00e7\u00e3o e assessoramento em exerc\u00edcio na Departamento de Sa\u00fade;<\/li>\n<li>Participar e municiar o Conselho Municipal de Sa\u00fade das informa\u00e7\u00f5es necess\u00e1rias \u00e0s suas delibera\u00e7\u00f5es;<\/li>\n<li>Estabelecer articula\u00e7\u00f5es com \u00f3rg\u00e3os e entidades federais, estaduais e de outros munic\u00edpios com vistas \u00e0 melhor realiza\u00e7\u00e3o dos seus objetivos;<\/li>\n<li>Executar outras tarefas correlatas ou determinadas por superiores.<\/li>\n<\/ul>\n<p>&nbsp;<\/p>\n<p>&nbsp;<\/p>\n<p>&nbsp;<\/p>\n<p>&nbsp;<\/p>\n","protected":false},"excerpt":{"rendered":"<p>&nbsp; Pol\u00edtica de atua\u00e7\u00e3o: Estabelecer e executar as pol\u00edticas p\u00fablicas municipais de sa\u00fade, na condu\u00e7\u00e3o plena do Sistema Municipal da Sa\u00fade, cuidando de forma integral da sa\u00fade do cidad\u00e3o, assegurando seus direitos e respeitando as diversidades dentro das suas compet\u00eancias e capacidade instalada. &nbsp; Diretor do Departamento:Thalita Mikaella Rosa Borges \u00a0 Atribui\u00e7\u00f5es: \u00a0 Assessorar o&hellip;<\/p>","protected":false},"author":1,"featured_media":0,"parent":0,"menu_order":0,"comment_status":"closed","ping_status":"closed","template":"","meta":{"footnotes":""},"class_list":["post-283","page","type-page","status-publish"],"_links":{"self":[{"href":"http:\/\/www.pratinha.mg.gov.br\/portal\/wp-json\/wp\/v2\/pages\/283","targetHints":{"allow":["GET"]}}],"collection":[{"href":"http:\/\/www.pratinha.mg.gov.br\/portal\/wp-json\/wp\/v2\/pages"}],"about":[{"href":"http:\/\/www.pratinha.mg.gov.br\/portal\/wp-json\/wp\/v2\/types\/page"}],"author":[{"embeddable":true,"href":"http:\/\/www.pratinha.mg.gov.br\/portal\/wp-json\/wp\/v2\/users\/1"}],"replies":[{"embeddable":true,"href":"http:\/\/www.pratinha.mg.gov.br\/portal\/wp-json\/wp\/v2\/comments?post=283"}],"version-history":[{"count":1,"href":"http:\/\/www.pratinha.mg.gov.br\/portal\/wp-json\/wp\/v2\/pages\/283\/revisions"}],"predecessor-version":[{"id":11799,"href":"http:\/\/www.pratinha.mg.gov.br\/portal\/wp-json\/wp\/v2\/pages\/283\/revisions\/11799"}],"wp:attachment":[{"href":"http:\/\/www.pratinha.mg.gov.br\/portal\/wp-json\/wp\/v2\/media?parent=283"}],"curies":[{"name":"wp","href":"https:\/\/api.w.org\/{rel}","templated":true}]}}